 -1403 = -6*g + 6061. Let c = g - 290. What are the prime factors of c?
2, 3, 53
Let n = 66100 + -39684. List the prime factors of n.
2, 13, 127
Suppose 3 = -b - 3*j, -2*b + 2*j = 4*j - 2. Suppose b*t - 3 = o, 3*t + t + 4 = 4*o. Suppose t*r = -3*r + 175. List the prime factors of r.
5, 7
Let i(n) = n**3 - 9*n**2 - 14*n - 10. Let s be i(11). Suppose u + 55 + s = b, 4*u + 274 = 2*b. List the prime factors of b.
3, 43
Suppose 4*f - 12*f = 6312. Let c = f - -2190. What are the prime factors of c?
3, 467
Let z(d) = 37*d + 112. Suppose -142 + 788 = 19*b. List the prime factors of z(b).
2, 5, 137
Let b = 2988 + -1916. Suppose -110*o + 112*o - b = 0. List the prime factors of o.
2, 67
Let n(q) = -39*q - 11 + 11 - 180*q + 9*q - 60. What are the prime factors of n(-5)?
2, 3, 5, 11
Let q(v) = -256*v + 226. Let k be q(-6). Suppose 0 = -4*d + 2*f + k, 10*f - 1787 = -4*d + 7*f. List the prime factors of d.
443
Let c be 1/(-2) + (-10)/(-4). Let t be (7/(-6))/(14/(-84)). Suppose -5*d = 3*h - 137, -c*h + t*h - 290 = 4*d. List the prime factors of h.
2, 3
Let r(l) = 2208*l - 4562. List the prime factors of r(33).
2, 13, 37, 71
Suppose 0 = 4*y + 4*c + 4, 4*c + 23 = 5*y + 2*c. List the prime factors of y/45*5 + 3160/6.
17, 31
Let d(g) = -g**2 - 22*g. Let j(o) = -5*o + 5. Let s be j(3). Let k be 5/s + 99/(-6). List the prime factors of d(k).
5, 17
Suppose -2105*v + 2087*v + 30096 = 0. List the prime factors of v.
2, 11, 19
Let t(v) = 35 - 11*v - 8*v + 22*v. What are the prime factors of t(16)?
83
Let v(b) = b**3 - 5*b**2 + 8*b + 7. Let z(p) = -10*p - 36. Let l be z(-6). Suppose 0 = -3*u - 3*u + l. List the prime factors of v(u).
23
What are the prime factors of 392715/108 + 52/(-16) + 3?
2, 3, 101
Let y(j) = 806*j - 3482. What are the prime factors of y(63)?
2, 739
Let d be 4966/(-9) - (-74)/(-333). Let c = d + 1267. What are the prime factors of c?
5, 11, 13
List the prime factors of (-5 - (-231)/45) + 1412551/105.
11, 1223
Let g(z) = -5*z + 5. Let w be g(15). List the prime factors of (w + -7)/(5/(-10)).
2, 7, 11
Let d be (3/(-6) + 1)*50. Let h = d + -23. Suppose -4*k - h*x + 7*x + 36 = 0, -3*k = 5*x - 62. List the prime factors of k.
2, 7
Let f(q) = 4*q + 0*q - 6 + 8*q**2 + q. Let d(s) = -7*s**2 - 6*s + 5. Let z(l) = 7*d(l) + 6*f(l). What are the prime factors of z(-9)?
2, 13
Let y = -436 - -446. Suppose -y*g + 2931 = -5449. What are the prime factors of g?
2, 419
Let b(h) = -h**3 - 5*h**2 + 7*h - 5. Let q be b(-8). Suppose 132*a = q*a + 70. List the prime factors of a.
2, 5, 7
Let u = 165773 - 105798. List the prime factors of u.
5, 2399
Suppose -19*h + 22*h = -9, -h = 5*y - 57432. List the prime factors of y.
3, 7, 547
Suppose -416 = -4*y - 0*y. Let b be (66/(-44))/((-6)/y). Suppose 91 - b = p + k, 5*k = -2*p + 142. List the prime factors of p.
61
Suppose 0 = 9*z - 26*z + 34. Suppose 12*l + 2 - z = 0. Suppose -2*c - 2*i + 534 = l, -3*i = -0*c - c + 247. What are the prime factors of c?
2, 131
Suppose -y + 14 = 4*j, 0 = -4*y + j - 2*j + 41. Let c(t) = 11*t**2 - 8 + 2*t - 5*t - t**3 + t - y. List the prime factors of c(7).
2, 41
Let v(l) = -l**2 + 83 + 103 - 111 + 50*l. List the prime factors of v(39).
2, 3, 7
Suppose 0 = 4*c + 6*v - 4*v - 6, -3*c + 4*v + 10 = 0. Suppose c*z = -3*w + 11, 4*z + 2*w + 23 = 7*z. Suppose 6*o + 79 = z*o. List the prime factors of o.
79
Let q(g) = 5*g**2 + 223*g + 14. List the prime factors of q(15).
2, 19, 59
Let y(v) = -3477*v**3 + 2*v**2 - 10*v - 10. List the prime factors of y(-1).
7, 71
Let z be 80/(-440) - (1 - (-53355)/33). Let v = z - -2596. What are the prime factors of v?
2, 3, 163
Let f = -13338 + 19634. List the prime factors of f.
2, 787
Let t(w) = -2*w**3 - 38*w**2 - 100*w - 152. What are the prime factors of t(-24)?
2, 7, 11, 13
Suppose -6*l - 5*c = -58139, l = 2*c - 1871 + 11558. What are the prime factors of l?
9689
Suppose m - w + 3*w = 29271, 0 = 3*w + 6. What are the prime factors of m?
5, 1171
Suppose 27*a = 20*a + 154. Let h be 1 - (-9)/(-2) - 11/a. What are the prime factors of ((-8)/(-5))/(h/(-10))*17?
2, 17
Let z = 6 - 1. Suppose -4*g + 4*q = -28, -z*g - 3*q + 8 = 5. Suppose -8*v - 3*w + 846 = -g*v, 4*v = 4*w + 696. What are the prime factors of v?
3, 19
Suppose -86 + 233 = 3*f. Suppose -f*h - 924 = -52*h. List the prime factors of h.
2, 7, 11
Suppose 3*z + 2*g - 3*g = 94, 3*z - 96 = 3*g. Let a = z + -32. What are the prime factors of 3 + (4 - -198) - a?
2, 103
Suppose 614*f = 613*f - 508. Let m = f + 867. What are the prime factors of m?
359
List the prime factors of (73720/(-456))/(10/(-636)).
2, 53, 97
Suppose 2*p + 649 = -3*u + 13589, -32327 = -5*p + 4*u. What are the prime factors of p?
29, 223
Suppose -24*k - 135 = -2*g - 29*k, -2*g + k + 141 = 0. Let p(r) = r**2 - 4*r - 2. Let v be p(5). What are the prime factors of g - (2 + (-12)/v)?
2, 3
Let w(q) = -q**3 + 45*q**2 - 35*q - 393. What are the prime factors of w(35)?
2, 3, 443
Let w be (155/35 - 4) + (-212)/(-28). Suppose 11*o - w*o - 522 = 0. What are the prime factors of o?
2, 3, 29
Suppose 94*h - 109926 = 76*h. List the prime factors of h.
31, 197
Let z = 579 + 713. Let u = z - 817. Let b = 670 - u. List the prime factors of b.
3, 5, 13
Let u be ((-165)/(-25))/(((-8)/(-15))/8). Suppose 0 = 102*a - u*a - 1920. What are the prime factors of a?
2, 5
Let h = 20733 + -8847. List the prime factors of h.
2, 3, 7, 283
Suppose 6 = -3*o + 4*r + 18, 4*r = -2*o + 28. Suppose l + 5*h - 828 = 0, 6*l - o*l = h - 1638. What are the prime factors of l?
2, 409
Let b = 79 - 34. Suppose 10*u - b = 125. Suppose o = z - u, -4*o = 3*z - 8*z + 80. List the prime factors of z.
2, 3
Let g = -6345 - -8976. What are the prime factors of g?
3, 877
Suppose 5*i - 182 - 1 = z, i + 2*z = 41. Suppose 4*j + i - 49 = 0. List the prime factors of (j*(-5)/30)/(1/(-200)).
2, 5
Let k = 15020 + -3611. List the prime factors of k.
3, 3803
Let l be ((-4)/7)/(60/(-210)). Let p be (-4)/(-3) - 4/(-6). Suppose -4*r + 52 = -l*d, p*r - 2*d = 18 + 12. List the prime factors of r.
11
Let r be 6*(1*(-43)/(-3))/(-1). Let q = -81 - r. Suppose -4*u = -3*t + 62, q*u = -0*u + 20. What are the prime factors of t?
2, 13
Let j be 6/120*15 + (-51)/4. Let x be ((-8)/j)/(((-44)/(-24))/11). List the prime factors of (-16)/x*(-469)/28.
67
Suppose -7*k + 4*k + 11 = x, 4*x - 5*k = 10. Let y be 22/x - ((-24)/15 + 2). What are the prime factors of y*(-3)/18 + 862/6?
11, 13
Let l(u) = 8*u - 25. Let q be ((-11)/22)/(1/(-8)). Let x be l(q). Suppose 3*d = 2*w + 331, 0 = 4*d + 3*w - x*w - 444. What are the prime factors of d?
109
Suppose -688 + 712 = 8*r. What are the prime factors of -2 - (-9 - 592) - r?
2, 149
Suppose -3*h = 4*y - 88275, y + 6*h = 2*h + 22046. What are the prime factors of y?
2, 3, 13, 283
Let s = 55 - 55. Suppose -4*w = 5*d - s*d - 29, 2*d = 5*w - 28. Let r = 36 + w. List the prime factors of r.
2, 3, 7
Suppose 4*r + k - 52730 - 10699 = 0, 4*r - 63422 = -2*k. What are the prime factors of r?
15859
Suppose 6*s - 3*s + 14917 = 2*z, 2*s + 37298 = 5*z. List the prime factors of z.
2, 5, 373
Suppose -12*o + 78 = -10*o. Suppose 4*p - 55 = -o. What are the prime factors of p?
2
Suppose 4*t - 2*g - 20 = 20, 28 = 3*t - g. List the prime factors of (40/(-15))/t + 14140/12.
2, 19, 31
Suppose 2359 = 6*b - 22337. List the prime factors of b.
2, 3, 7
Let a = -11 + 16. Let m be 4/22 + (50/(-55))/a. Suppose c + 0*v - 151 = 2*v, m = 5*v. List the prime factors of c.
151
Let i(r) = r**2 + 3*r. Let p(f) = -f**2 - 4*f. Let x(q) = -5*i(q) - 4*p(q). Let k be x(2). What are the prime factors of (147/(-6) - -2)*k?
3, 5
Let a = 176 + -282. What are the prime factors of -4*(a/(-4))/((-1)/3)?
2, 3, 53
Let w = -2 + 3. List the prime factors of ((-1)/3)/w + 7150/30.
2, 7, 17
Suppose 0 = 9*b - 68 - 4. Suppose b = -0*o + o. Suppose -o*z = -11*z + 144. What are the prime factors of z?
2, 3
Let n be (74/(-3))/((-6)/9). Suppose 4*q - 18*q = -23*q + 27. Suppose q*l - 26 = n. List the prime factors of l.
3, 7
Suppose -f + 4*z = -3, 2*f + z - 12 = -2*f. Suppose 2*d = -3*q + 335, -f*d + 340 = -2*q - 156. What are the prime factors of (-3 - -4)/2*d?
83
Let d(r) be the second derivative of -22*r**3/3 - 23*r**2/2 - r + 5. What are the prime factors of d(-4)?
3, 17
Suppose 2*z + 111*j - 37617 = 112*j, -4*z - 2*j = -75214. List the prime f